30. What is the remainder when 9 is divided by s?
3
Suppose -5*m - 1 + 21 = 0. Suppose p - m*p = -51. Calculate the remainder when 32 is divided by p.
15
What is the remainder when -2 - -2 - (0 - 79) is divided by 16?
15
Let j be 0 + (0 - 2 - 1). What is the remainder when (1/2)/(j/(-282)) is divided by 12?
11
Let u(v) = -36*v - 5 + 38*v - 3. Calculate the remainder when u(5) is divided by 2.
0
Let a(h) = -h**3 + 10*h**2 - 13*h + 7. Calculate the remainder when a(5) is divided by 17.
16
Let b = -2 + 2. Suppose -4*h + 49 + 15 = b. Calculate the remainder when ((-27)/6)/(6/(-40)) is divided by h.
14
Let l(a) = 219*a - 3. Let g be l(-7). Let t be (-6)/(-9) + g/9. Calculate the remainder when t/(-6) + 2/3 is divided by 8.
5
Let u(k) = k**2 + 9*k + 4. Let r be u(-9). Suppose -5*g + 56 = 4*m, r*m + 0*m - 5*g = 56. Let h = 127 + -87. What is the remainder when h is divided by m?
12
Let a = -22 - -35. Calculate the remainder when (-152)/6*(-6)/4 is divided by a.
12
Suppose 7*z - 60 = 3*z. Calculate the remainder when 87 is divided by z.
12
Let d(l) = 4*l - 19. What is the remainder when d(9) is divided by 5?
2
Suppose -15*n + 33 = -4*n. Let w = -5 + 9. Suppose 2*c + 4*b + 3 = -9, 5*c = -w*b. What is the remainder when c is divided by n?
1
Let i(n) = 9*n**2 - 1. Suppose 1 = -k + h - 0, -5*h + 14 = 4*k. Let o = k - 2. What is the remainder when 22 is divided by i(o)?
6
Let l = 47 + -28. Let r = 32 - l. What is the remainder when r is divided by 4?
1
Let c = -1 + 2. Suppose -4*f + 2*b + 12 = 4*b, -f - 5*b = 15. Suppose f*q - 7*q - 3*g - 1 = 0, -q = -g - 2. What is the remainder when c is divided by q?
0
Suppose 0*j = -2*i + 3*j - 214, 4*i = j - 448. Let x = -40 - i. Suppose 5*o + h - x = 0, -2*o + h - 2*h + 28 = 0. What is the remainder when o is divided by 9?
6
Suppose -57 - 3 = -3*g. Let i be 72/g - 2/(-5). Suppose 7 = v - i*y, 10 - 61 = -3*v - 3*y. Calculate the remainder when 43 is divided by v.
13
Suppose -u = 4*i - 0*u - 75, -99 = -5*i + 4*u. Calculate the remainder when 35 is divided by i.
16
Suppose -3*n = 4*m - 413, -3*n = -4*m + m - 399. What is the remainder when n is divided by 23?
20
Suppose 9 = -5*u + 24, w = -3*u + 108. What is the remainder when w is divided by 34?
31
Let o = 157 + -91. What is the remainder when o is divided by 34?
32
Suppose -47 + 191 = 8*a. What is the remainder when 69 is divided by a?
15
Let c = 10 + -6. Let l be (-9)/(-3) - (c + -1). Suppose s - 3 = -j, -6 = -4*s - j - l. What is the remainder when 2 is divided by s?
0
Suppose 0 = 5*p - 2*r - 0*r - 126, -4*p + 93 = r. Calculate the remainder when p is divided by 14.
10
Let b(h) = h**3 - 2*h**2 - h + 2. Calculate the remainder when 38 is divided by b(3).
6
Suppose -2*u + 21 = 1. Let q = -3 + u. Suppose 0 = -0*x + 2*x - 38. What is the remainder when x is divided by q?
5
What is the remainder when 47/(-2)*(0 - 2) is divided by 16?
15
Suppose -10 = -3*d + 2. Suppose 5*k - 2*k + 15 = q, 0 = -q + 5*k + 17. What is the remainder when q is divided by d?
0
Suppose o = -3*o + 400. What is the remainder when o is divided by 22?
12
Suppose 2*h - 24 = -0*h. Calculate the remainder when 35 is divided by h.
11
Let w(m) = 2*m**3 + 5*m**2 + 4*m + 1. Let p be w(-3). Let d = p + 50. Suppose 2*g + 10 = 0, 3*n - 3*g - d = -2*n. What is the remainder when 4 is divided by n?
1
Let w be (-7)/(-3) - (-2)/(-6). Suppose w*f - 6 = 4. Calculate the remainder when 9 is divided by f.
4
Suppose -3*x + 62 = 5*r, -4*r + 4 = x - 5. What is the remainder when 143 is divided by x?
27
Let s(l) = -36*l**3 - l - 2. Calculate the remainder when 60 is divided by s(-1).
25
Suppose 333 = 9*q - 6*q. Calculate the remainder when q is divided by 38.
35
Let a = 156 + -42. Let t = a + -43. Let d = t + -31. Calculate the remainder when d is divided by 14.
12
Suppose -3*l - 63 = -5*u - 0*l, -4*u = 2*l - 68. Suppose -122 = 2*a - 5*a - 4*k, -u = -3*k. Calculate the remainder when a is divided by 18.
16
Suppose -5*f = 5*z - 160, -z = 2*z + 15. Calculate the remainder when f is divided by 20.
17
Let q(i) = i**2 - 2*i - 11. Suppose -2*s = -2*k - 4 - 0, 0 = 4*k - 8. What is the remainder when (-102)/(-14) - s/14 is divided by q(5)?
3
Suppose 0 = -3*c + 4*c - 7. Calculate the remainder when 41 is divided by c.
6
Suppose h - 3*z - 25 = 0, 4 = -z + 9. Let i(d) = -4*d**3 - 13*d**3 + 2*d**3 - d - 2*d**2. Calculate the remainder when h is divided by i(-1).
12
Suppose 15 = 2*y - b, 5*b - 3 = -3*y - 0*b. Let f be 5620/(-15)*y/(-4). What is the remainder when f/18 - (-4)/(-18) is divided by 11?
9
Let v = -28 - -240. Let a be (-1)/((-214)/v + 1). Let h = -71 + a. What is the remainder when h is divided by 12?
11
Suppose 0 = 4*a - 6*a + 14. Suppose k = -3*f + 16 + 2, 5*f = 10. Calculate the remainder when k is divided by a.
5
Let t(c) = 6*c - 1. Let v(r) = -5*r**3 + 5*r**2 - 4*r + 6. Let m be v(4). What is the remainder when 12/(-18) + m/(-6) is divided by t(2)?
8
Let o(t) = -t**3 + 8*t**2 - 6*t + 7. Let i be o(7). Let r = 26 - i. What is the remainder when 1*(3 + -2)*23 is divided by r?
11
Let w be 9/15 - 126/10. What is the remainder when 39 is divided by (w/9)/((-1)/15)?
19
Suppose 0 = 2*a - 36. Calculate the remainder when 44 is divided by 159/a - 2/(-12).
8
Let s(x) = -2*x - 4. What is the remainder when 10 is divided by s(-5)?
4
Let d(p) = p**3 + 6*p**2 - p - 5. Suppose 3*l - 13 = -5*h, 4*h - 4 = -0*l - 4*l. Calculate the remainder when d(l) is divided by 11.
9
Let a(q) = 18*q - 13. Calculate the remainder when a(2) is divided by 14.
9
Let v(m) = m**3 + 12*m**2 - 15*m - 19. What is the remainder when 34 is divided by v(-13)?
6
Let o(l) = -l + 48. What is the remainder when 143 is divided by o(12)?
35
Suppose 0 = 4*h - 16. Let t(i) = i + 2. What is the remainder when t(12) is divided by h?
2
Suppose 0*l = 5*l - 20, 5*l = -4*b + 660. Calculate the remainder when b is divided by 9.
7
Let t be ((-14)/(-4))/((-2)/(-12)). Let h = -12 + t. Calculate the remainder when (0 - 6/h)*-57 is divided by 13.
12
Suppose 2*l - 44 = -2*c + 4*l, -5*c + 4*l = -107. What is the remainder when c is divided by 7?
5
Let i(m) = -55*m. Let v be i(-2). Suppose 4*h + h - v = 0. Calculate the remainder when h is divided by 12.
10
Let c be -3*(-5 - -2 - -2). Suppose -f - c*f = -368. Suppose -4*h = -4*b + f, 4*b + h + h - 116 = 0. What is the remainder when b is divided by 7?
6
Suppose -q + 3*z = -47 - 3, 5*z = -25. What is the remainder when q is divided by 10?
5
Let o(q) = -q**3 + 11*q**2 - 8*q - 6. Calculate the remainder when o(9) is divided by 29.
26
Suppose -2*h - 4 = -22. What is the remainder when 32 is divided by h?
5
Let p = -7 - -4. What is the remainder when 33 is divided by (p - 30/(-9))*27?
6
Suppose 4*q - 79 = 101. Suppose -3*j + 0*j + 35 = 5*m, 2*m - 3*j = -7. Suppose -t = -m*t + 36. Calculate the remainder when q is divided by t.
9
What is the remainder when (20/50)/(1/5) is divided by 1?
0
Let i(n) = 2*n**3 - n**2 + 0*n**2 - 47*n + 48*n + 13*n**3. Calculate the remainder when i(1) is divided by 9.
6
What is the remainder when 29 is divided by (9/(-6))/(3/(-12))?
5
Let x = 23 + -29. Let y(j) = -j**3 - 7*j**2 - 9*j - 5. What is the remainder when 24 is divided by y(x)?
11
Let r be (-4)/(-1)*(-7)/4. Let y = r + 2. Calculate the remainder when 59 is divided by (19 - -1)*(-4 - y).
19
Let y = -3 - -7. Suppose 0 = 2*j - 22 - 58. Suppose 0 = 3*h + 4*z - j, 4*h + 2*z - 24 = y*z. Calculate the remainder when h is divided by 3.
2
Calculate the remainder when (-6)/15 + (-157)/(-5) is divided by 8.
7
Suppose -5*p = -5*m - 5, -6*p = -2*p + 2*m - 16. Suppose 0*h + p*h - 18 = 0. Let z = h - 2. What is the remainder when 6 is divided by z?
2
Suppose 2*w - 32 + 2 = 0. Suppose w + 16 = p. What is the remainder when p is divided by 11?
9
Suppose -2*v = -a + 11, -5*v - a - 40 = -9. Let l = v - -8. Calculate the remainder when 10 is divided by l - (2 - 9/3).
1
Suppose -2*b - 3*n = 10, 0 = -4*n + n - 12. Calculate the remainder when 2 is divided by b.
0
Let c(q) = 3*q + 8*q - q**2 + 0*q + 3*q - 11. Calculate the remainder when 41 is divided by c(11).
19
Let u = -40 + 61. Calculate the remainder when u is divided by 12.
9
Let g be -3 + (-3 + 8)*1. Suppose 0 = 5*k - g*k - 93. Calculate the remainder when k is divided by 11.
9
Let k = 17 + 22. What is the rema